+ 219*p + 37. Let i(f) = -5*a(f) - 6*b(f). Is i(-13) composite?
True
Let w = 1964 + -5436. Let u = w - -20341. Is u a prime number?
False
Let j(s) = 5*s**3 - 8*s**2 + 13*s + 8. Let u be j(5). Suppose -3*l - 3*t + 747 = 0, -t = 6*l - 4*l - u. Is l a prime number?
False
Let f be ((-20)/35)/((-6)/167769). Let w = f - -80549. Is w a prime number?
True
Suppose -50971 = 17*y - 192768. Is y prime?
False
Let u = -70 + 69. Is (34/(-51))/(u - (-30878)/30882) a composite number?
False
Suppose 0 = 6*b + 26*b + 51*b - 16241191. Is b a prime number?
True
Let j = -364 + 700. Suppose j = 4*k - 7*k. Let m = k + 243. Is m prime?
True
Suppose 3*v + 0*u - 5*u + 1939 = 0, 0 = 5*v - 5*u + 3225. Let x = -384 - v. Is x a composite number?
True
Let s be (-10)/(-45) - 502/(-9). Suppose 4*i = q + 282, 7*q + 357 = 5*i + 8*q. Let r = s + i. Is r composite?
False
Suppose -87*o = -69*o + 115*o - 15024611. Is o composite?
False
Suppose -28*q = -4225262 + 120994. Is q a composite number?
False
Let k be 3591/855*((-32)/(-3) + 1). Is 5779*21/k - 8/(-28) composite?
False
Suppose -2*s = -2*z + 8, 2*z - 4*s = -0*s + 12. Suppose 2070 = -6*y + 9*y + 3*f, 705 = y - z*f. Let q = 860 + y. Is q a prime number?
False
Let b be ((-18)/27)/((-2)/(-42)). Let u be b*((-15)/2 - 42/14). Suppose 0 = -5*i - 5*f + 830, -3*i + 331 = -f - u. Is i a prime number?
False
Let y(q) = -268*q + 11. Let a be y(10). Let w = 317 + -1623. Let j = w - a. Is j a prime number?
False
Let t(m) = 86*m - 8 - 21*m**2 - 55*m - m**3 - 78*m. Is t(-21) a prime number?
False
Let z be 3/1 - (1 + -3). Suppose -5*u + 1155 = z*w - 2775, -3151 = -4*u + 3*w. Is u a composite number?
False
Let a = 40878 - -96775. Is a prime?
True
Let l(y) = 4*y - 17. Let p be l(5). Suppose -3*m + d = m - 61, -p*m - 4*d = -41. Suppose 13*r + m = 18*r. Is r prime?
True
Suppose q + 28 = 5*q. Let r be (q - -1) + (1 + 2)*-1. Suppose 2*u = 3*p + 2*p - 2935, 4*p = r*u + 2348. Is p prime?
True
Let n(p) = 3*p - 10. Let x be n(4). Let c(d) = -195*d**x + 16*d**2 + 1102*d**2 + d. Is c(-1) prime?
False
Let q(r) = -90*r + 65. Let y be q(21). Let w = y - -3082. Is w a composite number?
True
Let d = 17857 + 3880. Is d a composite number?
False
Let i(p) = -20089*p**3 - 3*p**2 + 11*p + 27. Is i(-2) prime?
False
Suppose -2*c = 4, 28*c + 1140495 = 5*q + 23*c. Is q a prime number?
True
Let j(f) = 122*f**3 - 5*f**2 + 9*f + 3. Let n(x) = x**3 - x**2 + 1. Let u(v) = j(v) - 2*n(v). Is u(2) prime?
True
Let v = -36 + 61. Suppose -18*f - v = -23*f. Suppose -f*y - 853 = -q, 4*q = 3*y - 6*y + 3527. Is q a prime number?
False
Let f(j) = -413*j + 153. Let n be f(43). Let h = -11139 - n. Is h a prime number?
False
Let w(b) = -95*b**3 - 11*b**2 - 19*b - 43. Is w(-12) a prime number?
False
Let g = 7586 - 7267. Is g a composite number?
True
Let w = -1718 + 741. Let a = w - -8356. Is a a prime number?
False
Let r = 77 - 70. Suppose -r*i - 256 = 493. Let w = 154 + i. Is w composite?
False
Suppose -4*j - 79587 = -3*d - 11876, -3*d + 67736 = j. Is d prime?
False
Let j be (-632)/(-1)*-4 + (-4 - 0). Let f = j - -466. Let x = f - -3279. Is x a prime number?
True
Let o(z) be the first derivative of -17 + 29*z - 41/2*z**2. Is o(-16) a prime number?
False
Let w(g) = -g**2 - 9*g - 9. Let r be w(-10). Let m(s) = 7*s - s + 2*s - 7*s + 20*s**2 + s - 5. Is m(r) composite?
False
Let f = -383003 + 541006. Suppose -50*j - 49053 = -f. Is j prime?
True
Suppose -22*z + 4*h + 564063 = -17*z, 4*z + 4*h - 451236 = 0. Is z a prime number?
False
Let f(j) = 12215*j**3 + 2*j**2 + 4*j - 4. Let t be f(1). Suppose 3*v - t = -3*y + 19709, -3*y = -15. Is v a composite number?
True
Let w be (-5)/(-15)*(-1 + 4 + 3). Suppose 3*c = 6*c + 2*x - 1607, 5*c - w*x = 2689. Is c prime?
False
Suppose -5*h - 3*t = 6, 4*h + 0*t - 4 = 2*t. Suppose 12*k - 27 + 3 = h. Suppose -k*l = o - 35, -o - 55 = l - 5*l. Is l a composite number?
True
Let j = -131 + 181. Let i = 703 - j. Is i a composite number?
False
Let a be -1 - (-1 + -3)/(2/554). Suppose -a = -9*h + 44910. Is h a composite number?
False
Is 45318/40 - -2*(-17)/(-680) a composite number?
True
Suppose -14*i = -15*i. Suppose -3*n + 3558 = -i*n. Let l = -773 + n. Is l composite?
True
Is (-385)/(-220)*(92211 + 1) prime?
False
Let g(t) = 2289*t + 1618. Is g(5) prime?
True
Let y be ((-30)/4)/(8/48). Let b = y - 136. Let i = 213 - b. Is i prime?
False
Suppose -177*f - 70152753 = -210*f. Is f composite?
False
Suppose 92 - 92 = 2*j. Suppose j = 12*s - 23955 - 53097. Is s composite?
False
Let t = 159264 - 54805. Is t prime?
True
Let w be (5 - 6)*(8 - 2). Let f(j) = j**2 + 7*j + 9. Let x be f(w). Suppose -x*d = 165 - 1332. Is d prime?
True
Let q(z) = 4*z**3 - 27*z**2 + 25*z + 20. Let r be q(21). Suppose r = 5*l - 44213. Is l a prime number?
False
Let v(i) = -942*i**3 + 2*i + 3. Let u be v(-1). Let a = -329 + u. Is a a composite number?
True
Is (-5 - 96029)/((2 - 1)*-3 + 1) prime?
True
Suppose -4*i + 1 + 15 = 0. Suppose -5*t = 2*t - 35. Suppose -4*k + 2*k - 888 = -i*b, 2*b - 436 = t*k. Is b a prime number?
True
Let i be (-50 - -18)*(-399)/3. Let n = 11325 - i. Is n a composite number?
False
Suppose -4*t + 8 = 0, 5 = 2*g + 3*t - 3. Let x be (0 + g + 2/(-4))*266. Suppose 0 = -5*p + x + 3972. Is p composite?
False
Suppose 7*s + 116975 = x, 10*x = 9*x - 5*s + 117047. Is x a composite number?
False
Let m(o) = 89*o**2 + 319*o + 53. Is m(-26) a composite number?
True
Let p(o) = o**2 - 4*o - 4. Let b be p(26). Suppose -3*f = b - 9271. Is f a composite number?
True
Let c(d) = d**3 - 6*d**2 + 13*d - 21. Let s be c(3). Is (-37424)/(-10) + s/(-15) composite?
True
Let w be (3 + (-30)/18)*45/12. Suppose -w*q + 31238 = -b, 7*q - 4*q = 5*b + 18756. Is q composite?
False
Suppose 23010 = -7*z + 22*z. Let h = 468 + -164. Suppose 306*u - z = h*u. Is u prime?
False
Suppose 26 = -104*l + 117*l. Suppose -9*x = l*x - 50699. Is x composite?
True
Suppose -26548 - 55562 = -10*y. Suppose -142316 - y = -13*f. Is f a prime number?
True
Suppose -3*t + 0*d + 2*d + 27 = 0, -3*d + 53 = 4*t. Suppose -6*v = -t*v + 10765. Suppose 6*c = v + 301. Is c composite?
False
Let d(n) = 28*n**2 - 8*n + 34. Let u be (22/6 - 2)*15/5. Is d(u) a prime number?
False
Let f(x) = 581*x**3 + 164*x**2 + 4*x + 20. Is f(7) a composite number?
False
Let w be -4 + 5 - 18172/(-5 - -9). Let n = 6757 + w. Is n prime?
False
Let y be -1 + -1 - -5 - (-4133 - 5). Is (y/(-5))/((-4)/(-80)*-4) prime?
False
Let r be 424/(-14) - (-11)/((-924)/(-24)). Is (-4)/r + (-12 - 602882/(-210)) a composite number?
True
Let y(r) = -2*r**3 + 8*r**2 + 6*r + 23. Let j be y(8). Let x = j + 778. Suppose 2*q - q = x. Is q prime?
True
Suppose f - 11*j = -14*j - 6379, -2*f + 3*j = 12731. Let r = 9168 + f. Is r a prime number?
False
Suppose -6*j = -7 - 23. Suppose -2*u = j*r - 1131 - 2864, -792 = -r + u. Let q = r + -306. Is q composite?
False
Let k(h) = 19*h**2 - 5*h + 13. Let n be k(8). Suppose 2571 = -5*p - n. Let b = p - -1073. Is b composite?
True
Let c(y) = 23*y**2 - 36*y + 100. Let f(k) = 8*k**2 - 12*k + 33. Let g(x) = 4*c(x) - 11*f(x). Is g(18) prime?
True
Let l be (-3)/(4 + 3829/(-958)). Let n = l - -11. Let u = n + 2688. Is u composite?
False
Suppose -6*y = -3*c - 2*y + 48, y = 4*c - 77. Suppose c*n - 53907 = -7327. Is n a composite number?
True
Let t = -80872 + 127169. Is t prime?
False
Let u(x) = 5*x**3 - 31*x**2 + 11*x - 8. Let k be u(12). Suppose -4*z - k + 29208 = 0. Is z a prime number?
False
Let z(m) = m**3 + 10*m**2 - 16*m + 14. Let l(o) = -2*o**3 - 30*o**2 + 49*o - 41. Let b(j) = 4*l(j) + 11*z(j). Is b(12) a composite number?
True
Suppose m = -11*m + 36. Suppose 0 = -4*h - 5*b + m*b + 67020, 3*b = h - 16748. Is h a prime number?
False
Suppose -4*z - 5*d - 20380 = 0, -5*z + 0*d - 2*d - 25492 = 0. Is (-4 - -3) + z/(-1) composite?
False
Let r(p) = 11*p**3 - p**2 - 46*p + 13. Suppose w = -6*t + 3*t + 21, 44 = 4*w + 4*t. Is r(w) a composite number?
True
Suppose -187*y + 66*y - 282*y + 228483671 = 0. Is y a composite number?
True
Is (-440)/110 + (-993 - 2)/(2/(-90)) a composite number?
False
Let d(y) = y**3 - 7*y**2 + 8*y - 7. Let z be d(6). Let q be z - (-191 - -4) - -2. Let a = 713 - q. Is a prime?
False
Let o(q) = -316*q + 479. Is o(-15) composite?
True
Let m(w) = 3311*w**3 - 10*w**2 - 118*w + 903. Is m(8) composite?
False
Let l(c) = -c**3 + 27*c**2 - 11*c +